 2*l - 2*l - y*l + 5*l. Calculate g(3).
-11
Let f(d) = 5*d - d**2 - 3 + 2 - 4*d. Let r(c) = 4*c**2 - 7*c + 6. Suppose -b + 2*i - 9 = 0, -b - 12 = -5*b - 4*i. Let m(j) = b*r(j) - 5*f(j). Calculate m(2).
7
Let y be -2 - ((0 - 6) + 3). Let q be ((-6)/(-15))/(y/(-5)). Let c(z) = 2*z + 1 + 1 + 0 - 2*z**2 - z**3. Calculate c(q).
-2
Let u be (3 + (-1 - 1))*-1. Let s(p) = p + 1. Calculate s(u).
0
Let k(m) = -3*m**2 + 2*m - 10. Let y(x) = x**2 + x + 1. Let i(z) = -k(z) - 4*y(z). Suppose s = -0*s - 16. Let u be 4/s + 38/(-8). What is i(u)?
11
Let p(w) be the first derivative of w**4/4 - 2*w**3/3 - w**2/2 - w + 2. Suppose -2*q = 4*n + 12, -2*n - 16 = 2*n. Calculate p(q).
-3
Let g(t) = -2*t**3 - 9*t**2 - 3*t - 8. Let a(j) = -j**3 - j**2 + j. Let f(o) = a(o) - g(o). What is f(-7)?
29
Let q(m) be the third derivative of -m**7/1260 + m**5/60 + m**2. Let k(a) be the third derivative of q(a). Let u(o) = -2*o - 17. Let c be u(-8). Determine k(c).
4
Let k(f) = 5*f + 4 - 10*f + 0 + f**2. Let a be ((-14)/6)/(1/3). Let b = a + 12. Determine k(b).
4
Let d(j) = -2*j**2 - 3*j - 1. Let h(k) = -k**2 + 4*k + 3. Suppose 0 = 2*x - 5*l - 25, -4*x + 2*x - 5*l - 5 = 0. Let f be h(x). Calculate d(f).
-3
Let z(c) be the second derivative of -c**4/12 - 4*c**3/3 - 3*c**2/2 + c. Give z(-5).
12
Let f(j) = -18*j + 17*j + 0 - 1 - 1. Suppose l - 3 = 3. Suppose l*h - h - 20 = 0. Calculate f(h).
-6
Let q(d) = -d**3 + d + 3*d**2 + 3*d**2 + 0*d**2. Let r = -103 - -109. Determine q(r).
6
Suppose -h + 2 = -4*r, 5*h + 5*r - 7 = 3. Suppose 2*m - 2*k = 6, -4*m + k + 6 = -0*k. Let l be h/(-4)*0/m. Let t(s) = -s + 1. Give t(l).
1
Let u = 15 + -13. Let p(g) be the second derivative of g**3/2 - g**2/2 + g. Determine p(u).
5
Let w(y) = -y**2 + y + 6. Suppose 3*r - 4*r = -3*r. Determine w(r).
6
Let t(o) = -6*o**3 + o**2 + o + 10. Let h(u) = 7*u**3 - 2*u**2 - u - 11. Let g(m) = -5*h(m) - 6*t(m). Determine g(-4).
-1
Suppose -2 = -10*w + 8. Let d(o) = -o**2 + 2*o - 1. Calculate d(w).
0
Let p(b) = b**2 - 8*b + 8. Let i = -35 + 41. Determine p(i).
-4
Suppose 2 = 2*u + d - 0, 5*d - 10 = 3*u. Let h(z) = z**2 + 5*z + 2. Let c be h(-5). Suppose -5*v = c*k + k + 15, 2*v + 6 = u. Let n(g) = -g + 10. Give n(k).
10
Suppose 0 = d - 3*m + 7, 0*d - 5*d + 3*m - 23 = 0. Let b = -2 - d. Let w(r) = -5 - 3*r**b - 4*r + 3*r**2 - r**2. Give w(-4).
-5
Let n(a) = 2*a + 2. Suppose -5*x + 3 = -4*g + 11, 2*x - 5*g - 7 = 0. Give n(x).
-6
Let d(n) = n**3 + n**2 - n - 1. Let r(j) = -j**2 - j + 2. Let g be r(0). Suppose -2*l + g*u + 6 = l, -l + 2 = -u. Determine d(l).
9
Let d(h) = -10*h**2 - 2*h - 3. Let k(g) = -g**2 - g - 1. Let o(c) = -d(c) + 4*k(c). Calculate o(-1).
7
Let j(v) = -v**3 + 5*v**2 + 5*v + 4. Let x be j(6). Let m(c) be the first derivative of 2*c**3/3 + 3*c**2/2 + c - 1. Determine m(x).
3
Let m(o) = 5*o + 197 + 6*o**2 - 5*o**2 - 204. Give m(-5).
-7
Let u(i) = -8*i - 1. Let g = 19 - 17. Suppose -3 = -g*p - 1. Determine u(p).
-9
Let m(d) = 3*d**2 + 2*d + 6. Let h(z) = 3*z**2 + 2*z + 5. Let i = -23 - -27. Let r(v) = i*m(v) - 5*h(v). Give r(-1).
-2
Let g(k) be the third derivative of -k**5/60 - k**4/8 + k**3/6 + 5*k**2. Let w be g(-3). Let r(f) = -f**3 - f**2 - f + 1. What is r(w)?
-2
Let s(y) be the second derivative of 0 + 2/3*y**3 - 2*y**2 - 1/12*y**4 - 2*y. Let q(u) = u**2 + 3*u. Let x be q(-4). Determine s(x).
-4
Let b(o) be the third derivative of -o**5/60 - 5*o**4/24 - o**3/2 + o**2. Suppose -15*t = -10*t - 2*l + 11, t - 7 = 5*l. Calculate b(t).
3
Let s(o) = -o**3 - 4*o**2 - 2*o. Let i = -4 + 7. Suppose -f = -i*f - 6. What is s(f)?
-3
Suppose 2*f = 4*d - 14, 0 = 5*f - 8 - 17. Suppose 0 = -0*g - 3*g + d. Let m(u) be the third derivative of -5*u**4/24 + u**3/3 + 2*u**2. What is m(g)?
-8
Let m(u) = -6*u**2 - 1. Let b be m(1). Let f(o) = -o**3 - 6*o**2 + 6*o + 1. Determine f(b).
8
Let r(x) = 6*x + 3. Let y(w) = 7*w + 2. Let o(j) = -3*r(j) + 4*y(j). Determine o(1).
9
Let m(j) = j**2 + 5*j. Let d = -15 - -20. Let u(w) = w**3 - 5*w**2 - w - 1. Let i be u(d). Calculate m(i).
6
Let y(m) = m**3 + 4*m**2 - 6*m + 1. Let c be y(-5). Let h be (-1)/(-3) - 2/c. Suppose w + 3 - 2 = h. Let l(q) = -5*q**2 - q. Determine l(w).
-4
Let x(j) = -j**3 + 8*j**2 - 6*j - 3. Suppose 3*o - 18 = 3*p, -o = -5*o - 3*p + 31. Calculate x(o).
4
Let a(g) = 12*g**2 + 0*g**2 - 6*g - 13*g**2. Determine a(-5).
5
Let f(q) = q**3 + 6*q**2 - 2*q + 4. Let a(w) be the first derivative of -w**4/2 - 13*w**3/3 + 2*w**2 - 9*w + 1. Let m(h) = -2*a(h) - 5*f(h). What is m(-4)?
-10
Suppose 5*t = h + 16, -5*h - 3 = -4*t - 7. Let d be 2/((-1)/7*2). Let w = h + d. Let o(u) = u**3 + 5*u**2 + 4*u + 2. Calculate o(w).
8
Let x(l) be the first derivative of -l**3/3 - 7*l**2/2 + 8*l - 56. Give x(-9).
-10
Let l(s) = 4*s - 2. Let a be l(2). Let z(c) = c**3 - 6*c**2 - 2*c + 8. What is z(a)?
-4
Let o(m) = 15*m - 7*m - m + 6 - 10*m + m**2. Suppose 8 = 2*f + n, 0 = 7*n - 2*n. Determine o(f).
10
Let y(d) = 8 - 2 - 5*d - d**2 - 3. Determine y(-4).
7
Let m = 1 + 0. Suppose -m = -2*a - 7. Let s(f) be the second derivative of -f**3/6 + 2*f**2 + 2*f. Calculate s(a).
7
Let z(s) = -6*s + 1. Suppose 2*x = -5*i + 14, 2*i - 10 = -3*x - 0*i. Determine z(x).
-11
Let t(v) = -32*v + 6*v**2 + 1 - 32*v + 64*v. What is t(1)?
7
Let f(h) = -2*h - 7. Let v be f(-7). Let b(r) = 37*r - 2*r**2 - 31*r + 1 + r**2. Give b(v).
-6
Let n(m) = -3*m + 6. Let r(a) = -7*a + 11. Suppose -4*c + 18 = -c. Suppose -c + 2 = -f. Let b(h) = f*r(h) - 9*n(h). Determine b(-5).
-5
Let g(z) = z**3 + z**2 - 1. Let i = -8 - -7. Calculate g(i).
-1
Let k(r) = -3*r + 1. Let j be (-3)/2 - -1 - (-65)/26. Give k(j).
-5
Let w(r) be the third derivative of -r**4/24 + 2*r**3/3 + 6*r**2. Let f(h) = -2*h - 2. Let i be f(-2). Determine w(i).
2
Let j(y) = 27*y - 56*y + 2*y**2 + 31*y + 1. Calculate j(-1).
1
Let o = -2 - -2. Suppose o*y + 30 = 5*y. Let u(t) = 1 - 7 + t**2 + 2*t - 1 - y*t. Calculate u(6).
5
Let b = 10 + -9. Let t be ((-11)/33)/(b/15). Let p(n) = -n**2 - 5*n - 4. Determine p(t).
-4
Let c(w) = -w**3 - 4*w**2 - 2*w - 4. Suppose -2 = 4*j - 5*i, -2*j + 4*i + 9 = 7. Determine c(j).
-7
Let j(f) = f - 1. Let g be j(-7). Let k(r) = -3*r - 12. Let x be k(g). Let s(q) = x*q + 0 + 0 - 4*q. Determine s(-1).
-8
Let a(t) = -t + 5. Let o = 13 + -22. Let y = -3 - o. Suppose 3*c = 6 + y. Calculate a(c).
1
Let u(m) = -m**2 - m - 1 + 6*m**2 - 4*m**2 + 0. Calculate u(4).
11
Let j(s) = s**2 + s - 5. Let q(n) = n**3 + 4*n**2 + n - 6. Let u be q(-3). Determine j(u).
-5
Let a(v) = -3*v. Let o(i) = -i**2 + 7*i - 2. Let p be o(6). Suppose 3*m - 3*s = 6, 0*m - 3*m + 12 = 3*s. Let q = m - p. Determine a(q).
3
Let v(q) = 6*q - 2*q - 3*q - 7. Let i = 1 + 6. Let t be (-104)/(-28) - (-2)/i. Determine v(t).
-3
Let c(i) = -2*i**2 + i + 7. Let o(w) = 3*w**2 - 2*w - 13. Let a(l) = -5*c(l) - 3*o(l). What is a(-3)?
10
Let a(y) = -y**2 + y - 1. Let v(k) = 10 + k - 5 - 7*k**2 + 9*k**2. Let h(f) = -3*a(f) - v(f). Let s(d) = -2*d - 8. Let c be s(-6). Determine h(c).
-2
Let v(t) = t**3 + t**2 + t - 1. Let a(w) = -8*w**3 - 8*w**2 - 3*w + 8. Let s(y) = a(y) + 6*v(y). Let b = -28 + 26. Calculate s(b).
4
Let a(q) = q**3 + 0*q**3 - q**3 + 3*q + 2*q**3 - 4*q**2. Let v(z) = -z**3 - 6*z**2 + 6*z - 5. Let u be v(-7). Determine a(u).
6
Let b(g) = g**3 + 8*g**2 + 8*g + 9. Let h be b(-7). Let p(x) = 0 - 1 - x - h. Let r(k) = -k**3 - 5*k**2 + k - 1. Let u be r(-5). Give p(u).
3
Let w(g) = 3*g - 4 + 1 + 3 + 1. Determine w(1).
4
Let n(r) = -5*r - 2. Let p(o) = 5*o + 2. Let t(u) = 5*n(u) + 4*p(u). Let h(g) = -6*g - 3. Let q(l) = -4*h(l) + 5*t(l). What is q(2)?
0
Suppose 4*z - 29 = -5*y + 45, 3*z - 31 = -2*y. Let n be (-2)/(-5) + y/(-10). Let b = n - 0. Let r(o) = -4*o - 1. What is r(b)?
3
Let o be (-70)/(-25) + (-2)/(-10). Let m(a) = -a**3 + a**2 + a + 3. What is m(o)?
-12
Let j(y) be the first derivative of -y**4/4 - 2*y**3/3 + y**2/2 + 2*y - 2. Let k = -34 - -32. What is j(k)?
0
Let m(y) = -y. Let q(o) = -o + 6. Let w be q(0). Let r = 4 - w. Determine m(r).
2
Let b(u) = -2*u + 0*u - 9*u - 13 + 15. Give b(-2).
24
Let d(v) = 1. Let q(t) = 26*t - 2. Let i be q(2). Let k be i/(-15) - (-1)/3. Let w(o) = -o - 4. Let n(u) = k*w(u) - 12*d(u). Give n(-2).
-6
Let u(c) = 2*c**3 + 4*c**2 + 2*c + 1. Let v = 6 - 4. Let x(h) = -h**3 - 3*h**2 - h - 1. Let r(m) = v*u(m) + 3*x(m). What is r(1)?
0
